actor of 6256 and 159919.
391
What is the greatest common factor of 111 and 3334662?
111
What is the highest common factor of 756 and 4394628?
756
Calculate the greatest common factor of 5752905 and 10.
5
Calculate the highest common divisor of 6058836 and 24.
12
What is the greatest common factor of 736 and 140024?
184
What is the greatest common factor of 555 and 5670?
15
What is the greatest common divisor of 1662 and 129082?
554
What is the greatest common factor of 4425 and 2301?
177
Calculate the greatest common factor of 47154 and 3.
3
Calculate the greatest common divisor of 50 and 82300.
50
Calculate the greatest common divisor of 51618 and 84.
42
Calculate the highest common divisor of 41328 and 903.
21
Calculate the highest common factor of 11286 and 143.
11
What is the highest common factor of 1437450 and 150?
150
Calculate the greatest common factor of 15111 and 1127.
23
What is the greatest common factor of 74493 and 12339?
27
Calculate the highest common divisor of 76 and 1613252.
76
What is the highest common divisor of 9112 and 8296?
136
What is the greatest common divisor of 210207 and 2829?
123
What is the highest common factor of 232 and 9038372?
116
Calculate the highest common divisor of 5508 and 9486.
306
What is the greatest common divisor of 1638 and 1061865?
63
What is the highest common factor of 9792 and 204?
204
What is the greatest common factor of 110 and 162382?
22
What is the greatest common divisor of 104416 and 111444?
1004
What is the highest common divisor of 114017 and 904?
113
What is the greatest common divisor of 18177 and 1909?
83
Calculate the highest common divisor of 1 and 13733.
1
What is the greatest common factor of 377 and 5945?
29
What is the greatest common divisor of 122 and 8231767?
61
What is the greatest common factor of 8 and 1551496?
8
Calculate the greatest common divisor of 630 and 534870.
630
Calculate the highest common factor of 4179 and 15267.
21
What is the greatest common factor of 161640 and 2340?
180
What is the highest common divisor of 16308 and 228?
12
What is the highest common divisor of 80070 and 190?
10
Calculate the highest common divisor of 12 and 563964.
12
Calculate the greatest common divisor of 23968 and 69664.
224
Calculate the highest common divisor of 70705 and 22120.
395
What is the greatest common factor of 7 and 83701?
1
What is the highest common divisor of 155 and 128557?
31
What is the greatest common factor of 7155 and 2511?
27
Calculate the greatest common divisor of 130616 and 464.
232
What is the greatest common factor of 1107283 and 151?
151
Calculate the greatest common factor of 2430 and 26595.
135
What is the highest common factor of 84706 and 984?
82
What is the greatest common divisor of 362 and 745?
1
Calculate the greatest common factor of 93940 and 1760.
220
What is the highest common factor of 3240066 and 123?
123
What is the highest common factor of 4769004 and 1702?
1702
What is the highest common factor of 940266 and 18?
18
Calculate the greatest common divisor of 676 and 2243644.
676
Calculate the greatest common factor of 496 and 158.
2
What is the highest common divisor of 2288 and 6656?
208
Calculate the highest common factor of 10 and 4919860.
10
Calculate the greatest common factor of 28910 and 56.
14
What is the highest common divisor of 164 and 93644?
164
What is the greatest common divisor of 4477 and 363?
121
Calculate the greatest common factor of 30 and 283090.
10
Calculate the greatest common factor of 383226 and 414.
138
Calculate the highest common divisor of 196 and 41.
1
What is the greatest common divisor of 622860 and 2100?
420
Calculate the highest common factor of 388402 and 182.
14
What is the greatest common divisor of 9308 and 104?
52
What is the greatest common factor of 21870 and 40?
10
Calculate the highest common divisor of 156 and 1717014.
78
What is the highest common factor of 297 and 13035?
33
Calculate the greatest common factor of 245 and 186445.
245
What is the highest common divisor of 17408 and 5648?
16
What is the greatest common factor of 273 and 2751?
21
Calculate the highest common factor of 65093 and 56.
7
What is the greatest common factor of 35 and 29435?
35
Calculate the greatest common divisor of 8820414 and 243.
243
What is the highest common factor of 8 and 1527272?
8
Calculate the greatest common divisor of 342 and 11754.
18
What is the greatest common factor of 76449 and 867?
51
Calculate the greatest common divisor of 1045 and 33022.
209
Calculate the greatest common factor of 20 and 161668.
4
What is the greatest common divisor of 433200 and 2964?
228
What is the highest common factor of 6360 and 3480?
120
What is the greatest common divisor of 150 and 204650?
50
What is the highest common divisor of 220528 and 33?
11
What is the greatest common divisor of 2797037 and 31?
31
Calculate the highest common divisor of 100170 and 180.
90
What is the greatest common factor of 704 and 1507?
11
Calculate the greatest common factor of 2160 and 318120.
120
What is the greatest common factor of 1681 and 78638?
41
What is the highest common divisor of 18943 and 247?
19
What is the highest common factor of 13635 and 10800?
135
What is the highest common factor of 156713 and 67?
67
What is the greatest common factor of 6399 and 146703?
237
What is the highest common divisor of 7813 and 91?
13
What is the greatest common divisor of 54961 and 848?
53
Calculate the greatest common factor of 440 and 14806.
22
Calculate the highest common factor of 63 and 64791.
9
What is the greatest common factor of 66 and 321926?
22
Calculate the greatest common divisor of 187 and 165682.
187
What is the highest common factor of 249 and 216381?
249
What is the greatest common factor of 87838 and 222?
74
Calculate the highest common factor of 3629 and 608.
19
What is the highest common factor of 6636 and 210?
42
What is the greatest common factor of 110181 and 627?
57
What is the greatest common factor of 19754 and 7387?
83
What is the greatest common factor of 240 and 241104?
48
What is the highest common factor of 1065 and 15165?
15
What is the greatest common factor of 1084 and 188?
4
What is the highest common divisor of 651737 and 107?
107
Calculate the greatest common divisor of 132 and 2486.
22
Calculate the highest common divisor of 510 and 1654134.
102
Calculate the highest common factor of 374 and 86768.
374
Calculate the highest common divisor of 282 and 4362.
6
Calculate the highest common factor of 5841 and 91806.
33
What is the highest common factor of 194 and 551542?
194
Calculate the greatest common divisor of 25 and 138800.
25
Calculate the greatest common divisor of 32307 and 3.
3
Calculate the greatest common divisor of 67116 and 1190.
238
Calculate the highest common factor of 44226 and 2430.
486
Calculate the greatest common factor of 261 and 543.
3
Calculate the greatest common factor of 19652 and 204.
68
Calculate the highest common factor of 389 and 1235.
1
What is the greatest common divisor of 3270 and 765?
15
Calculate the highest common factor of 323 and 25568.
17
Calculate the highest common factor of 42105 and 42.
21
Calculate the highest common factor of 68907 and 43485.
669
What is the greatest common divisor of 9081895 and 115?
115
Calculate the highest common divisor of 3652 and 47036.
44
What is the highest common factor of 27196 and 2756?
52
Calculate the greatest common factor of 652596 and 308.
28
What is the highest common factor of 691246 and 1731?
577
Calculate the highest common factor of 24039 and 171.
9
Calculate the highest common divisor of 954 and 3708.
18
What is the highest common divisor of 4355 and 26?
13
What is the highest common divisor of 2123 and 1221?
11
What is the highest common factor of 34 and 11142?
2
Calculate the highest common factor of 48594 and 208.
26
Calculate the highest common factor of 285502 and 28.
14
What is the highest common divisor of 52242 and 678?
6
What is the greatest common divisor of 2583 and 186837?
861
What is the highest common divisor of 6262 and 1054?
62
Calculate the highest common factor of 160 and 74920.
40
What is the greatest common divisor of 1924 and 25493?
481
Calculate the greatest common factor of 24030 and 315.
45
Calc